e -5*t = 3*r - 73, 4*r - 2*t - 43 = 37. Let k be (-70)/(-4)*16/20. Calculate the greatest common divisor of r and k.
7
Let i be (68/8 - -6) + (-1)/2. Calculate the highest common factor of i and 217.
7
Let q be (-4)/(-10) - ((-410)/(-25) + -2). Let z = q - -54. What is the greatest common factor of z and 16?
8
Let z be 5*-7*(-36)/10. Let g = 96 + -31. Suppose g + 7 = 4*l. Calculate the highest common divisor of l and z.
18
Suppose 3*m - 8*m + 10 = 0. Suppose -m*p + 0*p = -28. What is the greatest common factor of 98 and p?
14
Let y(i) be the first derivative of -i**3/3 + 10*i**2 - 9*i - 11. Let k be y(6). Calculate the greatest common factor of 30 and k.
15
Suppose 2*f - a = -19 - 5, -a = -f - 10. Let y = f - -18. Suppose w = -2*v + 5, 18 + 24 = y*w - 3*v. What is the greatest common divisor of w and 3?
3
Let c = -3 - -8. Suppose 4*d - c*g - 115 = 0, -4*g - 76 = -5*d + 70. Calculate the highest common factor of 15 and d.
15
Let i(j) = 21*j - 163. Let g be i(23). What is the highest common divisor of 128 and g?
64
Suppose 4*b - 13*b = -63. Suppose -13 = -b*h + 78. Calculate the highest common divisor of h and 1.
1
Suppose -5*w + 145 = 3*u + 41, 2*u + 2*w - 68 = 0. Suppose 2*j - k = 204, -6*j - 483 = -11*j - 2*k. What is the highest common factor of u and j?
33
Suppose -42 + 354 = 52*z. Calculate the greatest common divisor of z and 24.
6
Let f(d) = -9*d + 2. Let g(z) = -13*z + 3. Let t(b) = -7*f(b) + 5*g(b). Let x be t(-6). Calculate the highest common factor of 13 and x.
13
Let c = -881 - -904. What is the greatest common divisor of c and 1403?
23
Suppose -4*a - 91 = -83. Let t be (a/(-4))/(1/272). What is the highest common factor of t and 34?
34
Suppose 26*j + 2*v = 29*j - 39, 4*v = 2*j - 18. Calculate the highest common factor of 96 and j.
3
Let r(b) = -50*b**3 - 2*b**2 - 5*b - 3. Let j be r(-1). Calculate the greatest common factor of 1700 and j.
50
Suppose -256 = -c + 2*y + 146, c - 386 = -2*y. Let w = c - 154. Calculate the highest common divisor of w and 16.
16
Suppose x - 23*u - 126 = -20*u, -3*x = -4*u - 393. What is the greatest common divisor of x and 81?
27
Let f(i) = 10*i + 10. Let n be f(6). Suppose z = 3*t - n, -4*t + 110 = -2*z + 18. Calculate the highest common factor of 16 and t.
8
Let d be (1 - 0)/((-14)/(-154)). What is the highest common factor of d and 539?
11
Suppose -4*l - 4*y + 1084 = -0*l, -4*y = -2*l + 548. Calculate the greatest common factor of l and 102.
34
Suppose -29*l + 2838 = 866. Let s(v) = 4*v + 7. Let n be s(-6). Let o be (n/(-2))/((-2)/(-8)). Calculate the greatest common divisor of l and o.
34
Let b be 4 - -3 - 3/3. Suppose 3*q - 2*q = b. Let t = q - -8. Calculate the greatest common divisor of t and 14.
14
Suppose 305 = -5*r + 785. Calculate the highest common factor of r and 102.
6
Suppose 43 = 7*g - 97. Let t(m) = m**2 - 11*m + 3. Let j be t(11). Suppose 3*o - j = 57. What is the highest common divisor of o and g?
20
Suppose -2*v = -v - 5, 0 = 2*y - 3*v - 105. Let b be (-144)/4*2/(-3). Calculate the highest common divisor of b and y.
12
Let p(i) = -i**2 - 8*i + 17. Let b be p(-9). What is the greatest common factor of b and 88?
8
Let w = -2 + 20. Suppose 3*d = 48 + 60. What is the highest common divisor of d and w?
18
Suppose -13*f - 2*f + 1140 = 0. Calculate the greatest common divisor of 1216 and f.
76
Let t(f) be the second derivative of f**5/20 - f**4 + 13*f**3/6 + f**2 - 8*f. Let r be t(11). Calculate the highest common factor of 8 and r.
8
Suppose -24 = 3*r - 30. Suppose -3*q - 4*n - 2 + 24 = 0, -n = r*q - 13. What is the highest common divisor of 102 and q?
6
Suppose -45 - 3 = -u + 3*n, 4*u = -5*n + 141. Calculate the highest common factor of u and 91.
13
Suppose 0 = 10*y - y - 216. Suppose 2*l - 48 = y. What is the highest common factor of l and 24?
12
Suppose 4*d + 0*b = -b + 141, b = 5*d - 174. Let m(v) = v**3 - 6*v**2 + 6*v - 2. Let h be m(7). Let z = h - d. What is the highest common divisor of 6 and z?
6
Suppose 0 = -3*n - 2*n + 110. Let g = -22 + n. Suppose v + g*v = -2*q + 5, 2*v - q - 20 = 0. What is the highest common divisor of v and 6?
3
Suppose -300*p + 308*p - 504 = 0. Calculate the highest common factor of 54 and p.
9
Suppose 3*p - 5*p = -238. Suppose 10*b - 14*b + 68 = 0. What is the highest common divisor of b and p?
17
Let d = -197 - -222. Calculate the greatest common factor of 175 and d.
25
Let d(s) = 29*s - 65. Let b be d(5). What is the highest common factor of b and 10?
10
Let x(r) = 5*r**2 - 20*r + 45. Let s be x(8). What is the highest common divisor of s and 5?
5
Suppose 4*v - 18 - 34 = 0. Let d = v - 10. Suppose 0 = 4*h + 3*o + o - 8, -3*o = -5*h + 18. Calculate the highest common factor of d and h.
3
Let x = 488 + -478. Let w = 11 - -4. Suppose -4*n + w = t, -n - 10 = 5*t + 10. What is the greatest common factor of n and x?
5
Let z = -124 - -239. Suppose 4*x + 25 = 2*y - 81, -5*y - x = -265. Suppose 0 = -4*l + y + 39. Calculate the greatest common divisor of z and l.
23
Let p(q) = -4*q**3 - 2*q**2 - q. Let f be p(-1). Suppose 0 = 5*n - 15, f*l - l - 38 = 2*n. Let g = 10 + -8. Calculate the greatest common divisor of g and l.
2
Suppose -4*p + 6*v - 8*v + 1632 = 0, 0 = -3*p + 2*v + 1217. Calculate the highest common factor of p and 22.
11
Suppose 10*w + 24*w = 1972. What is the highest common factor of 174 and w?
58
Suppose 3*r - 3*k - 36 = 0, -5*r + 2*r + 5*k = -46. Suppose 31*a = 720 + 148. Calculate the highest common factor of a and r.
7
Suppose 0 = -5*k + 9*k - 128. Suppose 0 = 3*v + 5*s - 44, -3*s = -5*v + 15 + 13. What is the highest common divisor of k and v?
8
Let a be 8/(-76) - 11984/(-133). Let b(v) = -v**3 - 4*v**2 + 6*v - 3. Let q be b(-5). Let w be (-4)/q - 35/(-2). What is the highest common divisor of a and w?
18
Let l(d) = -d**2 + 17*d + 12. Let u be l(17). What is the greatest common divisor of u and 156?
12
Let o(g) = 77*g + 1. Let b be o(-1). Let f(t) = 59*t**2 + 8*t + 9. Let w be f(-2). Let v = b + w. What is the greatest common divisor of v and 17?
17
Let d be (-4)/5 + 236192/440. What is the highest common divisor of 16 and d?
8
Suppose 28*t - 37536 = 4*t. Calculate the greatest common factor of 46 and t.
46
Let o be ((-150)/(15/3))/(-1). Let y be (-13 + 4)/((-3)/o). Calculate the highest common factor of y and 45.
45
Let y(d) = d**3 + 28*d**2 + 27*d + 68. Let s be y(-27). Calculate the greatest common factor of 425 and s.
17
Let w be (6 - 78/12)/((-6)/2028). Calculate the highest common divisor of w and 26.
13
Let n = 56 + -51. Suppose -2*b + 476 = 2*b - 2*a, b = n*a + 137. What is the highest common factor of 13 and b?
13
Suppose -1810 = -5*d - 2*x, 2*d - 3*d - 3*x = -375. Calculate the greatest common divisor of 80 and d.
40
Suppose -2*j + 40 = -j - x, 2*x = -3*j + 130. Let o be (-2)/(-6)*(-1 + 1). Suppose 6*y - 2*y - 56 = o. Calculate the highest common factor of y and j.
14
Suppose -47*n = -53*n + 216. Calculate the highest common factor of 63 and n.
9
Let j(v) = 160*v - 4. Let g be j(3). What is the greatest common factor of 68 and g?
68
Let x(k) = k**2 - 4*k + 8. Let y be x(4). Suppose 35*g - 33*g = y. Let f be ((-4)/(-3))/(3/9). Calculate the greatest common divisor of g and f.
4
Suppose 14*d = 6*d + 2584. Calculate the greatest common divisor of d and 57.
19
Let k = 146 - 143. Let q = -147 - -91. Let r be 1/(q/19 + k). What is the highest common divisor of r and 38?
19
Let g(i) = 7 + 2*i - 5 + 3 + 5. Let c be g(13). Calculate the highest common factor of 144 and c.
36
Let q = 350 - 335. Calculate the highest common divisor of q and 240.
15
Suppose -2*c - 2 = -8. Let z be ((0 - 1) + 1)/c + 143. What is the greatest common factor of 13 and z?
13
Suppose -j = 5*h - 320, 4*h + 5*j = 3*h + 88. What is the greatest common factor of 9 and h?
9
Let a = 0 - -3. Suppose -a*v + 2*v + 3 = 0. Suppose -3*l + g + 116 = -v*g, -172 = -4*l + g. Calculate the greatest common divisor of l and 11.
11
Let t = 97 - 89. Calculate the greatest common divisor of 4 and t.
4
Let q(p) = -593*p**3 - p**2 + 5*p + 5. Let w be q(-1). What is the highest common divisor of w and 16?
16
Let w be 7 + -4 + (-1 - 2). Let n be (-1 - -2)*(3 - w). Suppose 60 = n*p - 2*p. What is the highest common divisor of p and 24?
12
Let a be (-1)/(-5) + 133/105*303. What is the greatest